{"id":839,"date":"2025-02-20T23:22:29","date_gmt":"2025-02-21T04:22:29","guid":{"rendered":"https:\/\/carolinagonzalez.co\/?product=lilitha"},"modified":"2025-12-03T04:47:52","modified_gmt":"2025-12-03T09:47:52","slug":"lilitha","status":"publish","type":"product","link":"http:\/\/carolinagonzalez.co\/?product=lilitha","title":{"rendered":"N\u00edvea"},"content":{"rendered":"<p>Mo\u00f1o con car\u00e1cter, adaptable a peinados cl\u00e1sicos o contempor\u00e1neos. Hace alusi\u00f3n a las l\u00edneas naturales de la pana, como cicatrices bellas que hablan de historia. Representa a la mujer que honra cada trazo de su vida, incluso los oscuros.<\/p>\n<p>Recu\u00e9rdalo: \u201cCada marca en ti es parte de tu belleza. No borres lo que te form\u00f3.\u201d<\/p>\n","protected":false},"excerpt":{"rendered":"<p>Mo\u00f1o con car\u00e1cter, adaptable a peinados cl\u00e1sicos o contempor\u00e1neos. Hace alusi\u00f3n a las l\u00edneas naturales de la pana, como cicatrices bellas que hablan de historia. Representa a la mujer que honra cada trazo de su vida, incluso los oscuros. Recu\u00e9rdalo: \u201cCada marca en ti es parte de tu belleza. No borres lo que te form\u00f3.\u201d<\/p>\n","protected":false},"featured_media":829,"comment_status":"open","ping_status":"closed","template":"","meta":[],"product_brand":[],"product_cat":[28,15],"product_tag":[57,36,46,49],"class_list":{"0":"post-839","1":"product","2":"type-product","3":"status-publish","4":"has-post-thumbnail","6":"product_cat-monos","7":"product_cat-sin-categorizar","8":"product_tag-mate","9":"product_tag-negro","10":"product_tag-pana","11":"product_tag-rigida","13":"first","14":"instock","15":"shipping-taxable","16":"purchasable","17":"product-type-simple"},"_links":{"self":[{"href":"http:\/\/carolinagonzalez.co\/index.php?rest_route=\/wp\/v2\/product\/839","targetHints":{"allow":["GET"]}}],"collection":[{"href":"http:\/\/carolinagonzalez.co\/index.php?rest_route=\/wp\/v2\/product"}],"about":[{"href":"http:\/\/carolinagonzalez.co\/index.php?rest_route=\/wp\/v2\/types\/product"}],"replies":[{"embeddable":true,"href":"http:\/\/carolinagonzalez.co\/index.php?rest_route=%2Fwp%2Fv2%2Fcomments&post=839"}],"wp:featuredmedia":[{"embeddable":true,"href":"http:\/\/carolinagonzalez.co\/index.php?rest_route=\/wp\/v2\/media\/829"}],"wp:attachment":[{"href":"http:\/\/carolinagonzalez.co\/index.php?rest_route=%2Fwp%2Fv2%2Fmedia&parent=839"}],"wp:term":[{"taxonomy":"product_brand","embeddable":true,"href":"http:\/\/carolinagonzalez.co\/index.php?rest_route=%2Fwp%2Fv2%2Fproduct_brand&post=839"},{"taxonomy":"product_cat","embeddable":true,"href":"http:\/\/carolinagonzalez.co\/index.php?rest_route=%2Fwp%2Fv2%2Fproduct_cat&post=839"},{"taxonomy":"product_tag","embeddable":true,"href":"http:\/\/carolinagonzalez.co\/index.php?rest_route=%2Fwp%2Fv2%2Fproduct_tag&post=839"}],"curies":[{"name":"wp","href":"https:\/\/api.w.org\/{rel}","templated":true}]}}