{"id":828,"date":"2025-02-20T22:59:49","date_gmt":"2025-02-21T03:59:49","guid":{"rendered":"https:\/\/carolinagonzalez.co\/?product=kalos"},"modified":"2025-06-17T11:56:30","modified_gmt":"2025-06-17T16:56:30","slug":"kalos","status":"publish","type":"product","link":"http:\/\/carolinagonzalez.co\/?product=kalos","title":{"rendered":"Skye"},"content":{"rendered":"<p>Skye no es solo un mo\u00f1o; es car\u00e1cter, fuerza y autenticidad. Su textura en cuero vegano y dise\u00f1o elegante te invitan a destacar, a ser t\u00fa misma, a caminar con seguridad y estilo. Cada vez que lo uses, recuerda que lo cl\u00e1sico puede ser audaz, y lo sencillo, profundamente poderoso.<\/p>\n<p>P\u00f3ntelo y m\u00edrate con otros ojos: los tuyos, los reales. Hoy te eliges a ti.<\/p>\n","protected":false},"excerpt":{"rendered":"<p>Skye no es solo un mo\u00f1o; es car\u00e1cter, fuerza y autenticidad. Su textura en cuero vegano y dise\u00f1o elegante te invitan a destacar, a ser t\u00fa misma, a caminar con seguridad y estilo. Cada vez que lo uses, recuerda que lo cl\u00e1sico puede ser audaz, y lo sencillo, profundamente poderoso. P\u00f3ntelo y m\u00edrate con otros ojos: los tuyos, los reales. Hoy te eliges a ti.<\/p>\n","protected":false},"featured_media":821,"comment_status":"open","ping_status":"closed","template":"","meta":[],"product_brand":[],"product_cat":[28,15],"product_tag":[45,70,69,36],"class_list":{"0":"post-828","1":"product","2":"type-product","3":"status-publish","4":"has-post-thumbnail","6":"product_cat-monos","7":"product_cat-sin-categorizar","8":"product_tag-brillante","9":"product_tag-cuerina","10":"product_tag-cuero","11":"product_tag-negro","13":"first","14":"instock","15":"shipping-taxable","16":"purchasable","17":"product-type-simple"},"_links":{"self":[{"href":"http:\/\/carolinagonzalez.co\/index.php?rest_route=\/wp\/v2\/product\/828","targetHints":{"allow":["GET"]}}],"collection":[{"href":"http:\/\/carolinagonzalez.co\/index.php?rest_route=\/wp\/v2\/product"}],"about":[{"href":"http:\/\/carolinagonzalez.co\/index.php?rest_route=\/wp\/v2\/types\/product"}],"replies":[{"embeddable":true,"href":"http:\/\/carolinagonzalez.co\/index.php?rest_route=%2Fwp%2Fv2%2Fcomments&post=828"}],"wp:featuredmedia":[{"embeddable":true,"href":"http:\/\/carolinagonzalez.co\/index.php?rest_route=\/wp\/v2\/media\/821"}],"wp:attachment":[{"href":"http:\/\/carolinagonzalez.co\/index.php?rest_route=%2Fwp%2Fv2%2Fmedia&parent=828"}],"wp:term":[{"taxonomy":"product_brand","embeddable":true,"href":"http:\/\/carolinagonzalez.co\/index.php?rest_route=%2Fwp%2Fv2%2Fproduct_brand&post=828"},{"taxonomy":"product_cat","embeddable":true,"href":"http:\/\/carolinagonzalez.co\/index.php?rest_route=%2Fwp%2Fv2%2Fproduct_cat&post=828"},{"taxonomy":"product_tag","embeddable":true,"href":"http:\/\/carolinagonzalez.co\/index.php?rest_route=%2Fwp%2Fv2%2Fproduct_tag&post=828"}],"curies":[{"name":"wp","href":"https:\/\/api.w.org\/{rel}","templated":true}]}}