{"id":205,"date":"2025-02-10T17:14:56","date_gmt":"2025-02-10T22:14:56","guid":{"rendered":"https:\/\/carolinagonzalez.co\/?post_type=product&#038;p=205"},"modified":"2025-11-22T06:12:34","modified_gmt":"2025-11-22T11:12:34","slug":"asteria-unicolor","status":"publish","type":"product","link":"http:\/\/carolinagonzalez.co\/?product=asteria-unicolor","title":{"rendered":"Unicolor"},"content":{"rendered":"<p>Lucir nuestras scrunchies unicolor te har\u00e1n disfrutar de beneficios como:<\/p>\n<p>&#8211; Un brillo y estilo \u00fanico que te har\u00e1 destacar<\/p>\n<p>&#8211; Cuidado delicado para tu cabello, evitando da\u00f1os y enredos<\/p>\n<p>&#8211; Facilidad para combinar con tus outfits favoritos<\/p>\n<p>&#8211; Dise\u00f1o exclusivo y elegante que te har\u00e1 sentir segura y confiada<\/p>\n<p>Adem\u00e1s, estar\u00e1s optando por un producto de alta calidad que es suave, delicado y duradero. \u00a1No te pierdas la oportunidad de agregar un toque de glamour y sofisticaci\u00f3n a tu look con nuestra scrunchie de sat\u00edn!\u00bb.<\/p>\n<p>\u00bfC\u00f3mo lavar nuestra Scrunchie?<\/p>\n<p>\u00bfQuieres que tus scrunchies sigan siendo tan hermosas y delicadas como el primer d\u00eda? \u00a1Sigue los consejos que te explicamos detalladamente en la bolsita de lavado que recibir\u00e1s con tu compra! Esta bolsita es tan hermosa que vas a querer darle muchos usos. \u00a1La amar\u00e1s tanto como tus accesorios!<\/p>\n<p>Recuerda que tus scrunchies son como peque\u00f1as joyas que requieren cuidado y amor. \u00a1Con un poco de atenci\u00f3n, pueden durar mucho tiempo y seguir siendo tan hermosas como siempre!<\/p>\n<p>\u00abDescubre el orgullo de lo colombiano en nuestros productos. En un mundo donde la masificaci\u00f3n y la uniformidad parecen ser la norma, nosotros nos enfocamos en crear productos que sean verdaderamente \u00fanicos y especiales.<\/p>\n<p>Lo que encontrar\u00e1s en Carolina Gonz\u00e1lez no son solo productos&#8230; \u00a1Es un todo!. Piezas cuidadosamente dise\u00f1adas y fabricadas para garantizar una calidad excepcional y un estilo genuino que no se encuentra en ning\u00fan otro lugar.<\/p>\n<p>No te conformes con productos gen\u00e9ricos y sin personalidad. Descubre la diferencia que hace la atenci\u00f3n al detalle y la exclusividad. \u00a1Elije lo mejor de Colombia!\u00bb.<\/p>\n","protected":false},"excerpt":{"rendered":"<p>Lucir nuestras scrunchies unicolor te har\u00e1n disfrutar de beneficios como: &#8211; Un brillo y estilo \u00fanico que te har\u00e1 destacar &#8211; Cuidado delicado para tu cabello, evitando da\u00f1os y enredos &#8211; Facilidad para combinar con tus outfits favoritos &#8211; Dise\u00f1o exclusivo y elegante que te har\u00e1 sentir segura y confiada Adem\u00e1s, estar\u00e1s optando por un producto de alta calidad que es suave, delicado y duradero. \u00a1No te pierdas la oportunidad de agregar un toque de glamour y sofisticaci\u00f3n a tu look con nuestra scrunchie de sat\u00edn!\u00bb. \u00bfC\u00f3mo lavar nuestra Scrunchie? \u00bfQuieres que tus scrunchies sigan siendo tan hermosas y delicadas como el primer d\u00eda? \u00a1Sigue los consejos que te explicamos detalladamente en la bolsita de lavado que recibir\u00e1s con tu compra! Esta bolsita es tan hermosa que vas a querer darle muchos usos. \u00a1La amar\u00e1s tanto como tus accesorios! Recuerda que tus scrunchies son como peque\u00f1as joyas que requieren cuidado y amor. \u00a1Con un poco de atenci\u00f3n, pueden durar mucho tiempo y seguir siendo tan hermosas como siempre! \u00abDescubre el orgullo de lo colombiano en nuestros productos. En un mundo donde la masificaci\u00f3n y la uniformidad parecen ser la norma, nosotros nos enfocamos en crear productos que sean verdaderamente \u00fanicos y especiales. Lo que encontrar\u00e1s en Carolina Gonz\u00e1lez no son solo productos&#8230; \u00a1Es un todo!. Piezas cuidadosamente dise\u00f1adas y fabricadas para garantizar una calidad excepcional y un estilo genuino que no se encuentra en ning\u00fan otro lugar. No te conformes con productos gen\u00e9ricos y sin personalidad. Descubre la diferencia que hace la atenci\u00f3n al detalle y la exclusividad. \u00a1Elije lo mejor de Colombia!\u00bb.<\/p>\n","protected":false},"featured_media":1055,"comment_status":"open","ping_status":"closed","template":"","meta":[],"product_brand":[],"product_cat":[17,20,18],"product_tag":[38,45,44,40,72],"class_list":{"0":"post-205","1":"product","2":"type-product","3":"status-publish","4":"has-post-thumbnail","6":"product_cat-accesorios-cabello","7":"product_cat-scrunchies-medianas","8":"product_cat-scrunchies","9":"product_tag-azul","10":"product_tag-brillante","11":"product_tag-satin","12":"product_tag-seda","13":"product_tag-unicolor","15":"first","16":"instock","17":"shipping-taxable","18":"purchasable","19":"product-type-variable","20":"rtwpvg-product"},"_links":{"self":[{"href":"http:\/\/carolinagonzalez.co\/index.php?rest_route=\/wp\/v2\/product\/205","targetHints":{"allow":["GET"]}}],"collection":[{"href":"http:\/\/carolinagonzalez.co\/index.php?rest_route=\/wp\/v2\/product"}],"about":[{"href":"http:\/\/carolinagonzalez.co\/index.php?rest_route=\/wp\/v2\/types\/product"}],"replies":[{"embeddable":true,"href":"http:\/\/carolinagonzalez.co\/index.php?rest_route=%2Fwp%2Fv2%2Fcomments&post=205"}],"wp:featuredmedia":[{"embeddable":true,"href":"http:\/\/carolinagonzalez.co\/index.php?rest_route=\/wp\/v2\/media\/1055"}],"wp:attachment":[{"href":"http:\/\/carolinagonzalez.co\/index.php?rest_route=%2Fwp%2Fv2%2Fmedia&parent=205"}],"wp:term":[{"taxonomy":"product_brand","embeddable":true,"href":"http:\/\/carolinagonzalez.co\/index.php?rest_route=%2Fwp%2Fv2%2Fproduct_brand&post=205"},{"taxonomy":"product_cat","embeddable":true,"href":"http:\/\/carolinagonzalez.co\/index.php?rest_route=%2Fwp%2Fv2%2Fproduct_cat&post=205"},{"taxonomy":"product_tag","embeddable":true,"href":"http:\/\/carolinagonzalez.co\/index.php?rest_route=%2Fwp%2Fv2%2Fproduct_tag&post=205"}],"curies":[{"name":"wp","href":"https:\/\/api.w.org\/{rel}","templated":true}]}}